e the first derivative of 5*f - 1 - 4/3*f**3 - 2*f**2. Let g(i) = 3*c(i) - j(i). Calculate g(-5).
0
Let q(z) be the first derivative of -z**4/4 - 7*z**3/3 - 4*z**2 - 9*z + 30. Suppose -2*w = 3*w + 30. What is q(w)?
3
Let f(l) = 9*l**2 + l. Let k = -119 + 118. What is f(k)?
8
Suppose 0 = -5*t - 5 - 15. Let z(o) = -3*o + 9. Let k(m) = 8*m - 26. Let n(q) = 4*k(q) + 11*z(q). Give n(t).
-1
Let i(h) = 4*h + h**2 + 0*h + 6*h - 3 + 9. Give i(-9).
-3
Let y(j) = -j**2 - 8*j - 6. Let x be y(-8). Let m be (6/(-3))/(4/x). Let s(g) be the first derivative of g**2/2 - 3*g + 1. Determine s(m).
0
Let f(v) = 2*v**2 - 4*v + 2. Let w(h) = h + 9. Let b be w(-5). Let l be (-2)/b*2/(-1). Let p = 3 - l. What is f(p)?
2
Suppose 0 = 2*u + 2*o + 2, 2*u - 7*u + 3*o = -3. Let t be (u/(2 - 4))/(-1). Let h(j) = 0 + t + 2*j. Calculate h(-5).
-10
Let u = 9 + -9. Let h(d) = u*d + 5*d + 18 - 16 + d**2. Calculate h(-4).
-2
Suppose -3*h - 5*r = -53 + 21, -5*r = -4*h - 4. Let y(j) = -j + 2*j - h*j + 2 + j**2 + 2*j. Give y(0).
2
Suppose -2*z - z = 0. Let v(m) = -16 + 12 + 2*m + z*m. What is v(3)?
2
Let y(p) = -2*p - 15. Let s be y(-10). Let d(n) = -n**3 + 5*n**2 + n. Give d(s).
5
Let z(j) be the third derivative of 0*j - 1/8*j**4 + 1/3*j**3 - 2*j**2 + 1/30*j**5 + 0. Calculate z(3).
11
Let l(v) = -1835 - v**2 - 4*v - 3*v + 1842. Give l(-8).
-1
Let d = -4 - -7. Let r(g) = d - 3 - 4*g + 3*g - 2*g**3 + 2*g**2. Determine r(2).
-10
Let d(n) be the first derivative of n**3/2 - 2*n**2 - 4*n - 1. Let x(l) be the first derivative of d(l). What is x(3)?
5
Let o(q) = 2*q - 10. Suppose 2*g - f - 3*f = 14, -5*g + 3*f = -35. Determine o(g).
4
Let h(b) be the first derivative of -b**3/3 - 9*b**2/2 + b + 19. Determine h(-7).
15
Let c(d) = 3*d**2 + 3*d**2 - d**2 + 2 - 4*d - 4*d**2. Give c(2).
-2
Let i(l) be the second derivative of -l**3/6 + 5*l**2 - l - 3. Determine i(0).
10
Let q(g) = 2*g - 7. Suppose -d = -2*j - 7, 0 = 5*d - 3*j - 2 - 26. What is q(d)?
3
Let z(g) = -54 - 4*g + 46 + 0*g - g + g**2. What is z(6)?
-2
Suppose 0*p = 4*p + 12. Let u(n) = 2*n**2 + n. What is u(p)?
15
Let l(w) = -5*w**2 + 2*w + 2. Let b(s) = -s**2 + s + 1. Let f(d) = -6*b(d) + l(d). What is f(4)?
-4
Let q(v) = v - 1. Let g(k) = -1. Let s(u) = 4*g(u) - q(u). Give s(0).
-3
Let l(f) = f**3 + f**2 + f + 13. Let g be 38/(-57) + 4/6. Give l(g).
13
Suppose -3*s = -57 + 42. Let q(a) = a**3 - 6*a**2 + 7*a - 5. What is q(s)?
5
Let d(h) = h**2 - 6*h - 4. Let k(a) = -a**3 + 4*a**2 + 5*a + 2. Let f be k(5). Suppose -5*i = -f*i + 12. Let j = 9 + i. Determine d(j).
-9
Let s(u) be the third derivative of 0*u**3 + 1/120*u**6 - 4*u**2 + 1/12*u**4 - 1/12*u**5 + 0 + 0*u. Calculate s(4).
-8
Let o(j) = -j**2 - 5*j - 3. Let k(l) = -l**3 + l**2 - 6. Let h be k(0). Give o(h).
-9
Let k(q) = q**2 - 5*q. Let x(c) = c**2 - 5*c - 1. Let p(l) = -5*k(l) + 4*x(l). Let s be p(4). Let a(j) = j - 3. Give a(s).
-3
Let a(l) = -l**2 + 9*l + 6. Let x(p) = p**2 - 8*p - 6. Let w(t) = -4*a(t) - 5*x(t). Calculate w(5).
1
Let u(y) = 6 - 4*y - 2*y**2 - 7*y - 3*y**2 + 4*y**2. Let m be u(-11). Let o(t) = 4*t - t + 3*t + 1 + 5*t**2 - t**3. What is o(m)?
1
Suppose 3*h = 2*h + 2. Let y(x) = 4*x + x**3 - 3 + 1 + 0*x**3 - 2*x**2. Give y(h).
6
Let d(h) = h**3 - h**2 + 6*h + 7. Let s(p) = -p**3 + p**2 - 5*p - 6. Let k(g) = -5*d(g) - 6*s(g). Determine k(-1).
-1
Let h(y) = -y + 2*y**2 + 1 - 2*y**3 + 0*y**3 + y - 2*y. Give h(1).
-1
Let x(a) = -a - 3. Let t be x(-7). Suppose 3*r - t = -r. Let u(s) = -6*s + 0*s - 1 + s. Determine u(r).
-6
Let b = 8 + -4. Suppose 9 = -w - b*v, 0*w = -3*w - 2*v - 17. Let p(k) = -k + 5. Give p(w).
10
Let u(x) = -3*x + 4. Let d = 76 - 54. Suppose 5*b - 4*i = d, 4*b + 20 = 8*b - 2*i. Calculate u(b).
-14
Suppose 0 = -5*p + 6 + 4. Let c(t) = p - 5 - 1 + t. Determine c(4).
0
Let o(d) = -2*d + 3. Let s(n) = -3*n + 4. Let h(y) = -2*y + 3. Let m be -6*(-1)/2*1. Let f be h(m). Let z(i) = f*s(i) + 4*o(i). Calculate z(-4).
-4
Suppose 0 = -z - 3*z + 8. Let l(i) = 0*i**2 + 2*i**2 + i**3 - 7*i**2 + z*i - 1. Determine l(5).
9
Let y(i) = 2*i - 3. Let f = 31 + -35. Determine y(f).
-11
Let h(b) = 11*b + 10. Let s(f) = 11*f + 12. Let k(l) = -6*h(l) + 5*s(l). Calculate k(-1).
11
Let o(w) = w**3 - 2*w**2 - 4*w + 1. Suppose -5*r + 65 = -0*r. Suppose -3*z + r = 4. What is o(z)?
-2
Let f = -2 + 6. Let s(z) = z**3 + 5*z - f*z + 4*z**3 - 5*z**2 - 4*z**3. Calculate s(4).
-12
Let y(z) = -4*z**3 + 7*z**2 + 4*z - 6. Let f(a) = 3*a**3 - 6*a**2 - 4*a + 6. Let c(l) = -3*f(l) - 2*y(l). Let r(k) = k - 2. Let i be r(6). What is c(i)?
10
Suppose -z - i - 4 = -3*i, 4*i = 16. Let u(l) = 4 - l - z. What is u(-2)?
2
Suppose 3*k = 5*s - 6, -3*k + 0*k - 4*s + 21 = 0. Let x(y) = -3 - y + 1 - k. Let d(r) = -r + 3. Let n be d(3). Give x(n).
-5
Let p(l) = -7*l**2 - 11. Let i(k) = 3*k**2 + 5. Let n(w) = -9*i(w) - 4*p(w). Give n(2).
3
Let b(a) = a**3 + 4*a**2 + a + 3. Suppose 0 = l - 0 - 5. Let j be l/2 - (-3)/6. Suppose -o + 0*d + j*d - 13 = 0, -25 = 4*o - 3*d. Calculate b(o).
-1
Suppose -4*q = -3*d + 20, q + d + 0 = -12. Let x(f) = f + 7. Calculate x(q).
-1
Let x(p) be the first derivative of p**4/4 - 4*p**3/3 - 5*p**2/2 + p - 28. Calculate x(5).
1
Let m(a) = -145*a + 0*a**3 + a**3 - 9*a**2 + 151*a + 11. Determine m(8).
-5
Let x(b) = -5*b + 44. Let h be x(7). Let m(f) = f - 13. Calculate m(h).
-4
Let x(t) = t**2 - 2*t - 3. Let i(y) = -4*y. Let f be i(-1). Suppose -f*j = -4*p - 12, 2*j + 5*p = -0*j - 29. What is x(j)?
5
Suppose -2*p = 5*n - 0*p + 32, 3*n + 2*p = -16. Let g(h) = 5*h + 14. Let y(q) = -3*q - 9. Let k(r) = n*y(r) - 5*g(r). Let v = 1 - 1. What is k(v)?
2
Suppose 0 = 2*r - 10 + 2. Let c(q) = -2*q + 3*q + r + q. Calculate c(-4).
-4
Let d be 1*(-5 + 1)*-2. Let t be 1/(-2)*(0 - d). Let z(s) = -s + 5. Calculate z(t).
1
Let f = -159 + 155. Let h(b) = 3*b + 6. Calculate h(f).
-6
Suppose -5*f - 5*m = 2 + 13, 0 = f + 2*m + 8. Let l(i) = i + 4 + 0 + 1 - f. Calculate l(-4).
-1
Let c(n) = -n**3 - 4*n**2 + 4*n - 5. Suppose -5 = 47*s - 46*s. Give c(s).
0
Let l = -1 + -1. Let k be l - (-1 - -2)*-1. Let z(h) = 6*h**2 + 1. Determine z(k).
7
Let n(v) be the first derivative of 10 + 2*v + 1/2*v**2. Give n(6).
8
Let j(m) = 2*m**2 - 4*m + 2. Let d(k) = 2*k - 7. Let l be d(7). Suppose -4*u + o + 16 = 0, -5*u = -o + 3*o - l. Give j(u).
8
Suppose 0 = -3*t + 2*t + 6. Suppose -2*g = -t*g + 24. Let q(h) = -h**2 + 5*h - 3. Give q(g).
-9
Let d(v) be the third derivative of v**5/20 - v**3/6 + 19*v**2. Calculate d(-1).
2
Let l(c) be the third derivative of -c**6/720 - c**4/12 - 5*c**2. Let g(w) be the second derivative of l(w). Calculate g(2).
-2
Suppose h = -4*m - 8 - 10, 5*h = -10. Let b(n) = -n**2 - 5*n + 5. Give b(m).
9
Let f = -14 + 19. Let b(o) = 56 - 56 + f*o - 2*o. Let p = -3 + 1. Give b(p).
-6
Let k = 7 - 5. Let l(f) = 0*f - f - 2*f**k + 4*f**2 - f. What is l(-2)?
12
Suppose 4*y - 21 = y. Let v(m) = -2*m - 4*m + 9*m - 4*m + y. What is v(6)?
1
Let f(i) = i + 2. Let p be f(-5). Let w be (-4)/p*54/12. Let n(b) = -b**3 + 6*b**2 + 2*b - 2. Give n(w).
10
Let z(h) be the third derivative of h**5/60 - 5*h**4/24 - 7*h**3/6 + 30*h**2. Give z(6).
-1
Let u(n) be the third derivative of 0*n + 5/3*n**3 + 2*n**2 - 1/60*n**5 + 0 + 1/24*n**4. What is u(0)?
10
Let z(v) = -7*v - 12. Let c be z(-10). Let k(x) = -x**3 - x**2 + 5*x + 57 - 2*x**2 - c. Determine k(-4).
-5
Let w(g) = g + 2. Suppose 2*r = 4*r + 3*p + 16, -18 = 5*r + 2*p. Let y be w(r). Let o(v) = v**2 + y*v + v**2 + 1 + v - 3. Determine o(-2).
4
Let r(n) be the third derivative of -n**5/60 + n**4/12 + n**3/3 + 7*n**2. Give r(-2).
-6
Let a = -4 - -2. Let y = -1 - a. Let c(t) = -12*t**3 + 1. Calculate c(y).
-11
Let c = 2 - 1. Let s(y) = y + c + 0 - 5*y. Suppose -11 = -2*k - 13. Calculate s(k).
5
Let h = -2 - -3. Let n(a) = -5*a + 2. Let u(s) = s**2 + 1. Let p(j) = h*n(j) - u(j). Calculate p(-5).
1
Let n = 1 - 4. Let c = -8 - n. Let w(q) = -q**3 - 4*q**2 + 4*q - 1. Give w(c).
4
Let l(u) = u**3 + 2*u**2 - 3*u + 3. Let p(t) = t - 2. Let y be p(-1). Determine l(y).
3
Let z(l) = 3*l**3 - 5*l**2 + 10*l + 8. Let j(w) = -w**3 - w**2 - w - 1. Let a(x) = -2*j(x) - z(x). Determine a(6).
-18
Let i(j) = -9*j**3 + 4*j**2 - 6*j - 5. Let u(h) = -8*h**3 + 3*h**2 - 5*h - 4. Let k(d) = 6*i(d) - 7*u(d). Let s be k(-2). Let o(f) = f**2 + 3*f. Calculate o(s).
4
Let l(b) = -5*b + 2. S